8. Suppose -p*t + 4*w + 173 = 0, -t - 4*w = -4*t + 107. Is t prime?
False
Suppose 5*z + f - 1139 = 114, -z - 3*f + 245 = 0. Is z prime?
True
Let c be 3/5 + (-16)/(-40). Is 2*c + 6 + 119 prime?
True
Let z = -8 - 3. Is (z + 4)*(-6 + 1) a composite number?
True
Suppose -8*g + 48 = 8. Suppose -g*s = -2*s - 471. Is s a composite number?
False
Let h(d) = 167*d - 4. Let w(j) = -j**3 + 7*j**2 - 6*j + 3. Let v be w(6). Is h(v) composite?
True
Suppose 16*y + 1121 - 3249 = 0. Is y a composite number?
True
Let y(t) = -t**3 - t**2 - t - 219. Let v(o) = o**3 - 4*o**2 + 2*o + 3. Let p be v(3). Let b be y(p). Is b/(-9) + (-4)/(-6) a prime number?
False
Let d be -2 - (0 + -3*2). Suppose d*i = -i + 275. Is i a prime number?
False
Let c be 10/20*(-10)/(-1). Suppose 4*d = c*k - 819, 3*k - 5*d - 362 = 132. Is k composite?
False
Is 3 + (-6)/(-4) + (-122)/(-4) a composite number?
True
Let k = 200 + -118. Let z = k - 194. Let h = z + 165. Is h a composite number?
False
Let y(t) = 153*t**3 + 4*t**2 + t - 5. Let i(r) = 152*r**3 + 5*r**2 + r - 6. Let j(x) = -4*i(x) + 5*y(x). Is j(1) a prime number?
True
Let d = -17 - -58. Let t = -20 + d. Is t a prime number?
False
Let i = 0 - 6. Let k be -2*-2*(-3)/i. Suppose 6 = k*n - n. Is n composite?
True
Suppose 11*d - 8*d = 1347. Is d prime?
True
Suppose 5*t = 45 - 5. Is 2/(-4) - (-348)/t composite?
False
Let a = -6 - -18. Suppose 6*k = 2*k + a. Is 3*(7/k - -2) prime?
True
Let p(c) = 4*c**2 + c - 6. Is p(-7) a prime number?
False
Suppose -y = 2*y - 12. Is (-5)/20 - (-565)/y a prime number?
False
Suppose -227 = -3*p - 5*z, -p = 2*z - 3*z - 81. Suppose -4*b - 2*a = -516, 3*b - 318 - p = -4*a. Is b prime?
True
Let i(g) = -3*g - 2. Let f(z) = -4*z**2 - z. Let p be f(1). Is i(p) prime?
True
Suppose -4*d + 100 + 368 = 0. Suppose 3*q - d = -0*q. Is q a composite number?
True
Let o(t) = -t**3 + 6*t**2 - 5*t - 5. Let n be o(5). Let l(f) = 4*f**2 - 3*f + 4. Is l(n) a composite number?
True
Suppose 5*s = 834 + 136. Is s prime?
False
Suppose -2*g + 116 = 2*i - 0*g, 0 = 5*i - 2*g - 297. Let w = i + 8. Is w prime?
True
Let u(f) = f + 9. Let d be u(-7). Suppose 0 = -d*k + k + 37. Is k a prime number?
True
Let l be -1*7 + 0 - 2. Let m be l - 2/(4/2). Let v = 28 - m. Is v a prime number?
False
Let h(y) = -y**3 + 9*y**2 + 10*y + 2. Let b be h(10). Suppose b*v = -2*v + 12. Suppose 3*c - 9 = 0, -5*a + c = -v*c - 178. Is a prime?
False
Is 4 - 5/((-5)/583) prime?
True
Suppose -5*l = -2*n, -l = -3*n + l - 11. Let z(i) = -2*i - 3. Let o(w) = w - 1. Let p(x) = -2*o(x) + z(x). Is p(n) composite?
False
Let f be (361 + 1)*1/2. Suppose 4*p + p = -2*z - f, -z - 68 = -2*p. Is (3/(-2) + 1)*z prime?
False
Suppose 2*s = a + 6, -3*s - 14 = 3*a - 8*s. Suppose -13 = -5*x + a. Is x composite?
False
Let o(n) = -n**2 + 10*n - 16. Let a be o(7). Suppose a*v = 3*v + 1070. Is v a prime number?
False
Let c(s) = -s**3 - 8*s**2 + 9*s - 2. Let p be c(-9). Let o(r) = -32*r - 7. Let i(f) = -31*f - 6. Let y(d) = 4*i(d) - 3*o(d). Is y(p) prime?
True
Let n be -12 + 6/(-3) + 2. Let j be (-416)/n + (-1)/(-3). Suppose 4*k = 119 - j. Is k a prime number?
False
Suppose 5*q - 5*y = -0*q + 1340, 0 = -5*q - 2*y + 1361. Let x = q + 366. Suppose 5*h - x = -o, 3 = h - o - 122. Is h prime?
True
Let p be (-744)/22 + (-2)/11. Let z be p/(-10) + (-2)/5. Suppose -z*m + m + 20 = 0. Is m a composite number?
True
Let i(y) be the third derivative of -33*y**6/5 + y**5/30 - y**3/6 + 6*y**2. Is i(-1) composite?
True
Let w(q) = 24*q - 1. Let h be 42/(-15) - (-2)/(-10). Let l be 8/12 - 1/h. Is w(l) a composite number?
False
Suppose 3*f + 2*f - 4580 = -5*n, -1847 = -2*f + n. Is f a prime number?
False
Let p(d) = d**3 + 3*d**2 - 5*d. Let a be p(-4). Suppose -4*r - a*h + 528 = -52, 4*r - h = 600. Suppose -51 + r = 2*w. Is w a composite number?
True
Let z(y) = -6 + 7 + 6 + 48*y. Is z(4) composite?
False
Let u(x) = x**2 + 12*x - 10. Let k be u(-10). Let t = 193 + k. Is t a composite number?
False
Let l(q) = -q**2 + q - 3. Let d be l(0). Is 3 + 28/(-2 - d) a composite number?
False
Let b(k) = 4*k**2 + 19*k - 17. Is b(12) a composite number?
False
Let f(k) = 5*k**3 + k**2 - 4*k + 7. Is f(3) composite?
False
Suppose 4*c - 1420 = -c. Suppose 4*a - b - c = 0, 3*b - 191 = -4*a + 77. Suppose -44 - a = -2*f. Is f a prime number?
False
Let p = -306 - -536. Let i = -9 - 154. Let d = p + i. Is d prime?
True
Let t(z) = 7*z**2 - 2*z - 7. Let m(w) = w**2 - w - 1. Let v(c) = -6*m(c) + t(c). Is v(-8) a composite number?
False
Let q(l) = l + 4*l + 0*l - 4*l + 133. Suppose -3*m + 5*p = m + 15, -4*m - 4*p + 12 = 0. Is q(m) a prime number?
False
Let o(t) = 969*t - 10. Is o(3) prime?
True
Let b = -3758 - -6271. Is b a composite number?
True
Let i(q) be the third derivative of q**8/6720 - q**7/360 - q**6/144 + 11*q**5/120 + q**4/24 + 2*q**2. Let o(b) be the second derivative of i(b). Is o(8) prime?
False
Suppose 0*x = -x. Let h(a) = -a**3 - a**2 - a + 87. Is h(x) a composite number?
True
Let i(f) = 323*f - 30. Is i(8) a composite number?
True
Suppose -2*x - 27 = -125. Is x composite?
True
Suppose 2*y - 676 = -2*y. Suppose -5*o - 435 = -5*s, -2*s - o + 2*o + y = 0. Is s a composite number?
True
Is (213/6)/(1/22) composite?
True
Let i(x) = -2*x**2 - 3*x + 3. Let j be i(-3). Let o be (-85)/(-15) + 4/j. Suppose 39 = o*a - 31. Is a composite?
True
Suppose 2*k - k = 1841. Is k a composite number?
True
Let l(i) = -8*i - 13 + 7*i - 2 - i**2. Let a be l(0). Let o = -9 - a. Is o composite?
True
Let r(z) = -z**2 - z - 1. Let l(g) = 17*g**3 + 7*g**2 + 6*g + 5. Let y(n) = -n. Let b be y(1). Let j(d) = b*l(d) - 4*r(d). Is j(-2) a composite number?
False
Suppose -4*p = -p + 15084. Is p/8*2/(-3) a composite number?
False
Let g(y) = y**2 - y + 6. Suppose -4*w + 16 = -0*w. Let m(q) = q - 4. Let p be m(w). Is g(p) composite?
True
Let i(f) = -f**2 + 3*f - 5. Let z be i(-7). Let u = z + 124. Is u prime?
False
Let i = 1118 - 315. Is i a composite number?
True
Suppose 4*j - j + 117 = 4*w, w - 28 = j. Let o be -2 + (1 - -1) + 0. Let q = o + w. Is q a composite number?
True
Let p(g) = g**2 + 8*g - 2. Let u = 9 - 17. Let k be p(u). Is (k/(-1) - -1) + 28 a composite number?
False
Suppose 3*v - 4 = -22. Is v/(-15) - 786/(-10) prime?
True
Let m(v) = 7*v**2 - v. Let f(j) = -8*j**2 + j. Let w(n) = 6*f(n) + 7*m(n). Let y be w(1). Suppose -3*h + 400 - 127 = y. Is h a composite number?
True
Let o(p) = 0 + 9 - 4 + 6 - p. Let f = 11 - 19. Is o(f) a prime number?
True
Suppose 4*r + 48 = 692. Is r a prime number?
False
Suppose 138 = 5*b - 167. Let l(s) = 3*s + 14. Let z be l(-8). Let i = z + b. Is i a prime number?
False
Suppose -2*x + 2*c + 104 = 0, -6*x - 2*c = -2*x - 178. Suppose 3*d - x + 11 = 0. Is (-142)/(-3) + (-4)/d prime?
True
Let o(i) = -i**3 + 6*i**2 + i. Let x(j) = 2*j**3 - 6*j**2 - j. Let u(y) = -3*o(y) - 2*x(y). Let f be u(-6). Is -1*1 + (74 - f) composite?
False
Suppose 2 = 3*l - 13. Suppose -l*n + 1253 + 812 = 0. Is n composite?
True
Let m(y) = -13*y - 14*y + 34*y + 2*y**2 - 8*y + 3. Let v be -1*5/1 - -1. Is m(v) prime?
False
Suppose -15 = -8*b + 3*b. Suppose 0*t - 2*h = -b*t + 16, t + 3*h = -13. Suppose 63 = k + t*y + y, 4*k - y = 200. Is k composite?
True
Let l(g) = 2*g**2 - 3*g. Let z be l(2). Suppose 0 = 7*q - z*q - 3*a - 595, -a = -q + 119. Is q a composite number?
True
Let k(c) = -c**3 - 5*c**2 - 11*c - 13. Let b be k(-9). Suppose -5*g + 5*s + b = 0, -s + 2 = -1. Is g a composite number?
True
Suppose 2*k - 5*p = 3*k + 19, 4*p = k + 28. Let z = k + 14. Let r(x) = -2*x - 6. Is r(z) a composite number?
True
Let i be 158/(-18) + 6/(-27). Is 244/36 - 2/i a composite number?
False
Let w(p) = p**3 + 2*p**2 - 4*p + 1. Let l be w(-3). Suppose -2 = b - l. Suppose -b*a + 38 = -4*h - 80, 4*a = -2*h + 206. Is a a composite number?
False
Let n be (1/(-2))/((-10)/18780). Suppose -182 = -s + 5*k, 5*s + 4*k + 0*k = n. Is s prime?
False
Let j(l) = 2*l + 4. Let s be j(4). Let o be -3*(-8)/6 + -1. Suppose s = o*t + t. Is t a prime number?
True
Suppose x - 12 = 5*x. Let y = x + 3. Suppose -3*h + 3*g = -333 + 3, 4*h - g - 449 = y. Is h composite?
False
Let d(u) be the second derivative of 2*u**3/3 + 2*u. Let c be d(2). Suppose -2*l + 2*g = -4*l + c, 13 = l - 2*g. Is l prime?
True
Suppose 0 = -5*p + 8 + 12. Let x = p + 10. Let k = 39 + x. Is k prime?
True
Suppose 3